{"id":536,"date":"2024-10-11T14:59:25","date_gmt":"2024-10-11T12:59:25","guid":{"rendered":"http:\/\/ybux.eu\/?page_id=536"},"modified":"2024-10-21T10:51:27","modified_gmt":"2024-10-21T08:51:27","slug":"techbruein","status":"publish","type":"page","link":"http:\/\/ybux.eu\/?page_id=536","title":{"rendered":"TechBruein"},"content":{"rendered":"\t\t<div data-elementor-type=\"wp-page\" data-elementor-id=\"536\" class=\"elementor elementor-536\">\n\t\t\t\t<div class=\"elementor-element elementor-element-851751a e-flex e-con-boxed e-con e-parent\" data-id=\"851751a\" data-element_type=\"container\">\n\t\t\t\t\t<div class=\"e-con-inner\">\n\t\t\t\t<div class=\"elementor-element elementor-element-62e8955 elementor-widget__width-initial elementor-position-top elementor-widget elementor-widget-image-box\" data-id=\"62e8955\" data-element_type=\"widget\" data-widget_type=\"image-box.default\">\n\t\t\t\t<div class=\"elementor-widget-container\">\n\t\t\t\t\t<div class=\"elementor-image-box-wrapper\"><figure class=\"elementor-image-box-img\"><img fetchpriority=\"high\" decoding=\"async\" width=\"350\" height=\"280\" src=\"https:\/\/ybux.eu\/wp-content\/uploads\/2024\/08\/cropped-favicon-350x280.jpg\" class=\"attachment-custom size-custom wp-image-25\" alt=\"\" \/><\/figure><div class=\"elementor-image-box-content\"><div class=\"elementor-image-box-title\">Mark\u00e9ta Slivov\u00e1<\/div><p class=\"elementor-image-box-description\">+420 737 897 808\nslivova@ybux.eu\n<\/p><\/div><\/div>\t\t\t\t<\/div>\n\t\t\t\t<\/div>\n\t\t<div class=\"elementor-element elementor-element-c29a200 e-con-full e-flex e-con e-child\" data-id=\"c29a200\" data-element_type=\"container\">\n\t\t\t\t<div class=\"elementor-element elementor-element-8ecc7b0 elementor-widget__width-initial elementor-position-top elementor-widget elementor-widget-image-box\" data-id=\"8ecc7b0\" data-element_type=\"widget\" data-widget_type=\"image-box.default\">\n\t\t\t\t<div class=\"elementor-widget-container\">\n\t\t\t\t\t<div class=\"elementor-image-box-wrapper\"><figure class=\"elementor-image-box-img\"><img fetchpriority=\"high\" decoding=\"async\" width=\"350\" height=\"280\" src=\"https:\/\/ybux.eu\/wp-content\/uploads\/2024\/08\/cropped-favicon-350x280.jpg\" class=\"attachment-custom size-custom wp-image-25\" alt=\"\" \/><\/figure><div class=\"elementor-image-box-content\"><div class=\"elementor-image-box-title\">Diana Novotn\u00e1<\/div><p class=\"elementor-image-box-description\">\n \n+420 605 498 554\n\nnovotna@ybux.eu\n\n<\/p><\/div><\/div>\t\t\t\t<\/div>\n\t\t\t\t<\/div>\n\t\t\t\t<\/div>\n\t\t<div class=\"elementor-element elementor-element-379b664 e-con-full e-flex e-con e-child\" data-id=\"379b664\" data-element_type=\"container\">\n\t\t<div class=\"elementor-element elementor-element-f8bf4b5 e-con-full e-flex e-con e-child\" data-id=\"f8bf4b5\" data-element_type=\"container\">\n\t\t\t\t<div class=\"elementor-element elementor-element-a21891c elementor-widget elementor-widget-heading\" data-id=\"a21891c\" data-element_type=\"widget\" data-widget_type=\"heading.default\">\n\t\t\t\t<div class=\"elementor-widget-container\">\n\t\t\t\t\t<h2 class=\"elementor-heading-title elementor-size-default\">TechBruein <\/h2>\t\t\t\t<\/div>\n\t\t\t\t<\/div>\n\t\t\t\t<div class=\"elementor-element elementor-element-c12a837 elementor-widget__width-initial elementor-widget elementor-widget-text-editor\" data-id=\"c12a837\" data-element_type=\"widget\" data-widget_type=\"text-editor.default\">\n\t\t\t\t<div class=\"elementor-widget-container\">\n\t\t\t\t\t\t\t\t\t<p>Jako v\u00fdhradn\u00ed distributor zaji\u0161\u0165ujeme\u00a0<span style=\"font-family: Arial, Helvetica, sans-serif; font-size: 17px; font-style: normal; font-variant-ligatures: normal; font-variant-caps: normal; font-weight: 400; text-align: var(--text-align);\">kompletn\u00ed \u0159adu certifikovan\u00e9ho laboratorn\u00edho plastu pro pr\u00e1ci v\u00a0embryologick\u00e9 laborato\u0159i od\u00a0<\/span><span style=\"text-align: var(--text-align);\">spole\u010dnosti TechBruein.<img decoding=\"async\" class=\"aligncenter wp-image-552\" src=\"http:\/\/ybux.eu\/wp-content\/uploads\/2024\/10\/logo-Tech-Bruein.png\" alt=\"\" width=\"164\" height=\"59\" srcset=\"http:\/\/ybux.eu\/wp-content\/uploads\/2024\/10\/logo-Tech-Bruein.png 228w, http:\/\/ybux.eu\/wp-content\/uploads\/2024\/10\/logo-Tech-Bruein-150x54.png 150w\" sizes=\"(max-width: 164px) 100vw, 164px\" \/><\/span><\/p>\t\t\t\t\t\t\t\t<\/div>\n\t\t\t\t<\/div>\n\t\t\t\t<\/div>\n\t\t\t\t<\/div>\n\t\t\t\t\t<\/div>\n\t\t\t\t<\/div>\n\t\t<div class=\"elementor-element elementor-element-e23c80d e-flex e-con-boxed e-con e-parent\" data-id=\"e23c80d\" data-element_type=\"container\">\n\t\t\t\t\t<div class=\"e-con-inner\">\n\t\t<div class=\"elementor-element elementor-element-4be2799 e-con-full e-flex e-con e-child\" data-id=\"4be2799\" data-element_type=\"container\">\n\t\t\t\t<div class=\"elementor-element elementor-element-17cb44d elementor-widget elementor-widget-image\" data-id=\"17cb44d\" data-element_type=\"widget\" data-widget_type=\"image.default\">\n\t\t\t\t<div class=\"elementor-widget-container\">\n\t\t\t\t\t\t\t\t\t\t\t\t\t\t\t<img decoding=\"async\" width=\"400\" height=\"267\" src=\"https:\/\/ybux.eu\/wp-content\/uploads\/2024\/10\/petri-kaplari-02-400x267Upr.jpg\" class=\"attachment-large size-large wp-image-538\" alt=\"\" srcset=\"https:\/\/ybux.eu\/wp-content\/uploads\/2024\/10\/petri-kaplari-02-400x267Upr.jpg 400w, https:\/\/ybux.eu\/wp-content\/uploads\/2024\/10\/petri-kaplari-02-400x267Upr-300x200.jpg 300w, https:\/\/ybux.eu\/wp-content\/uploads\/2024\/10\/petri-kaplari-02-400x267Upr-150x100.jpg 150w\" sizes=\"(max-width: 400px) 100vw, 400px\" \/>\t\t\t\t\t\t\t\t\t\t\t\t\t\t\t<\/div>\n\t\t\t\t<\/div>\n\t\t\t\t<\/div>\n\t\t<div class=\"elementor-element elementor-element-0784b47 e-con-full e-flex e-con e-child\" data-id=\"0784b47\" data-element_type=\"container\">\n\t\t<div class=\"elementor-element elementor-element-81a40c7 e-con-full e-flex e-con e-child\" data-id=\"81a40c7\" data-element_type=\"container\">\n\t\t\t\t<div class=\"elementor-element elementor-element-3c2a430 elementor-widget elementor-widget-heading\" data-id=\"3c2a430\" data-element_type=\"widget\" data-widget_type=\"heading.default\">\n\t\t\t\t<div class=\"elementor-widget-container\">\n\t\t\t\t\t<h3 class=\"elementor-heading-title elementor-size-default\">Parametry<\/h3>\t\t\t\t<\/div>\n\t\t\t\t<\/div>\n\t\t\t\t<div class=\"elementor-element elementor-element-fc59b35 elementor-widget elementor-widget-text-editor\" data-id=\"fc59b35\" data-element_type=\"widget\" data-widget_type=\"text-editor.default\">\n\t\t\t\t<div class=\"elementor-widget-container\">\n\t\t\t\t\t\t\t\t\t<ul><li>Vysok\u00e1 pevnost, odolnost a nerozbitnost<\/li><li>Zaru\u010den\u00e1 vysok\u00e1 pr\u016fhlednost a kvalita<\/li><li>Speci\u00e1ln\u00ed konstrukce v\u00ed\u010dka zvy\u0161uje \u00fa\u010dinnost t\u00edm, \u017ee zaji\u0161\u0165uje omezen\u00e9 proud\u011bn\u00ed vzduchu<\/li><li>B\u011bhem procesu optimalizace jsou v\u00fdrobky stokr\u00e1t vyzkou\u0161eny a testov\u00e1ny koncov\u00fdmi u\u017eivateli<\/li><\/ul>\t\t\t\t\t\t\t\t<\/div>\n\t\t\t\t<\/div>\n\t\t\t\t<\/div>\n\t\t\t\t<\/div>\n\t\t\t\t\t<\/div>\n\t\t\t\t<\/div>\n\t\t<div class=\"elementor-element elementor-element-9e4ce95 e-flex e-con-boxed e-con e-parent\" data-id=\"9e4ce95\" data-element_type=\"container\">\n\t\t\t\t\t<div class=\"e-con-inner\">\n\t\t<div class=\"elementor-element elementor-element-d6a31fd e-con-full e-grid e-con e-child\" data-id=\"d6a31fd\" data-element_type=\"container\">\n\t\t\t\t<div class=\"elementor-element elementor-element-65a96cf elementor-widget elementor-widget-image\" data-id=\"65a96cf\" data-element_type=\"widget\" data-widget_type=\"image.default\">\n\t\t\t\t<div class=\"elementor-widget-container\">\n\t\t\t\t\t\t\t\t\t\t\t\t\t\t\t<img loading=\"lazy\" decoding=\"async\" width=\"600\" height=\"401\" src=\"https:\/\/ybux.eu\/wp-content\/uploads\/2024\/10\/ivf-round-dish-petri-kabi-02-600x401-1.jpg\" class=\"attachment-large size-large wp-image-539\" alt=\"\" srcset=\"https:\/\/ybux.eu\/wp-content\/uploads\/2024\/10\/ivf-round-dish-petri-kabi-02-600x401-1.jpg 600w, https:\/\/ybux.eu\/wp-content\/uploads\/2024\/10\/ivf-round-dish-petri-kabi-02-600x401-1-300x201.jpg 300w, https:\/\/ybux.eu\/wp-content\/uploads\/2024\/10\/ivf-round-dish-petri-kabi-02-600x401-1-150x100.jpg 150w\" sizes=\"(max-width: 600px) 100vw, 600px\" \/>\t\t\t\t\t\t\t\t\t\t\t\t\t\t\t<\/div>\n\t\t\t\t<\/div>\n\t\t\t\t<div class=\"elementor-element elementor-element-d5f73e1 elementor-widget elementor-widget-image\" data-id=\"d5f73e1\" data-element_type=\"widget\" data-widget_type=\"image.default\">\n\t\t\t\t<div class=\"elementor-widget-container\">\n\t\t\t\t\t\t\t\t\t\t\t\t\t\t\t<img loading=\"lazy\" decoding=\"async\" width=\"600\" height=\"401\" src=\"https:\/\/ybux.eu\/wp-content\/uploads\/2024\/10\/ivf-four-well-dish-petri-kabi-02-600x401-1.jpg\" class=\"attachment-large size-large wp-image-546\" alt=\"\" srcset=\"https:\/\/ybux.eu\/wp-content\/uploads\/2024\/10\/ivf-four-well-dish-petri-kabi-02-600x401-1.jpg 600w, https:\/\/ybux.eu\/wp-content\/uploads\/2024\/10\/ivf-four-well-dish-petri-kabi-02-600x401-1-300x201.jpg 300w, https:\/\/ybux.eu\/wp-content\/uploads\/2024\/10\/ivf-four-well-dish-petri-kabi-02-600x401-1-150x100.jpg 150w\" sizes=\"(max-width: 600px) 100vw, 600px\" \/>\t\t\t\t\t\t\t\t\t\t\t\t\t\t\t<\/div>\n\t\t\t\t<\/div>\n\t\t\t\t<div class=\"elementor-element elementor-element-cf6fb8c elementor-widget elementor-widget-image\" data-id=\"cf6fb8c\" data-element_type=\"widget\" data-widget_type=\"image.default\">\n\t\t\t\t<div class=\"elementor-widget-container\">\n\t\t\t\t\t\t\t\t\t\t\t\t\t\t\t<img loading=\"lazy\" decoding=\"async\" width=\"600\" height=\"401\" src=\"https:\/\/ybux.eu\/wp-content\/uploads\/2024\/10\/ivf-dish-center-well-petri-kabi-02-600x401-1.jpg\" class=\"attachment-large size-large wp-image-540\" alt=\"\" srcset=\"https:\/\/ybux.eu\/wp-content\/uploads\/2024\/10\/ivf-dish-center-well-petri-kabi-02-600x401-1.jpg 600w, https:\/\/ybux.eu\/wp-content\/uploads\/2024\/10\/ivf-dish-center-well-petri-kabi-02-600x401-1-300x201.jpg 300w, https:\/\/ybux.eu\/wp-content\/uploads\/2024\/10\/ivf-dish-center-well-petri-kabi-02-600x401-1-150x100.jpg 150w\" sizes=\"(max-width: 600px) 100vw, 600px\" \/>\t\t\t\t\t\t\t\t\t\t\t\t\t\t\t<\/div>\n\t\t\t\t<\/div>\n\t\t\t\t<div class=\"elementor-element elementor-element-32118b6 elementor-widget elementor-widget-image\" data-id=\"32118b6\" data-element_type=\"widget\" data-widget_type=\"image.default\">\n\t\t\t\t<div class=\"elementor-widget-container\">\n\t\t\t\t\t\t\t\t\t\t\t\t\t\t\t<img loading=\"lazy\" decoding=\"async\" width=\"600\" height=\"600\" src=\"https:\/\/ybux.eu\/wp-content\/uploads\/2024\/10\/ivf-round-dish-petri-kabi-25mm.jpg\" class=\"attachment-large size-large wp-image-541\" alt=\"\" srcset=\"https:\/\/ybux.eu\/wp-content\/uploads\/2024\/10\/ivf-round-dish-petri-kabi-25mm.jpg 600w, https:\/\/ybux.eu\/wp-content\/uploads\/2024\/10\/ivf-round-dish-petri-kabi-25mm-300x300.jpg 300w, https:\/\/ybux.eu\/wp-content\/uploads\/2024\/10\/ivf-round-dish-petri-kabi-25mm-150x150.jpg 150w\" sizes=\"(max-width: 600px) 100vw, 600px\" \/>\t\t\t\t\t\t\t\t\t\t\t\t\t\t\t<\/div>\n\t\t\t\t<\/div>\n\t\t\t\t<div class=\"elementor-element elementor-element-3ae9122 elementor-widget elementor-widget-image\" data-id=\"3ae9122\" data-element_type=\"widget\" data-widget_type=\"image.default\">\n\t\t\t\t<div class=\"elementor-widget-container\">\n\t\t\t\t\t\t\t\t\t\t\t\t\t\t\t<img loading=\"lazy\" decoding=\"async\" width=\"600\" height=\"401\" src=\"https:\/\/ybux.eu\/wp-content\/uploads\/2024\/10\/ivf-icsi-dish-petri-kabi-02-600x401-1.jpg\" class=\"attachment-large size-large wp-image-545\" alt=\"\" srcset=\"https:\/\/ybux.eu\/wp-content\/uploads\/2024\/10\/ivf-icsi-dish-petri-kabi-02-600x401-1.jpg 600w, https:\/\/ybux.eu\/wp-content\/uploads\/2024\/10\/ivf-icsi-dish-petri-kabi-02-600x401-1-300x201.jpg 300w, https:\/\/ybux.eu\/wp-content\/uploads\/2024\/10\/ivf-icsi-dish-petri-kabi-02-600x401-1-150x100.jpg 150w\" sizes=\"(max-width: 600px) 100vw, 600px\" \/>\t\t\t\t\t\t\t\t\t\t\t\t\t\t\t<\/div>\n\t\t\t\t<\/div>\n\t\t\t\t<div class=\"elementor-element elementor-element-503a246 elementor-widget elementor-widget-image\" data-id=\"503a246\" data-element_type=\"widget\" data-widget_type=\"image.default\">\n\t\t\t\t<div class=\"elementor-widget-container\">\n\t\t\t\t\t\t\t\t\t\t\t\t\t\t\t<img loading=\"lazy\" decoding=\"async\" width=\"600\" height=\"401\" src=\"https:\/\/ybux.eu\/wp-content\/uploads\/2024\/10\/ivf-90-mm-dish-petri-kabi-02-600x401-1.jpg\" class=\"attachment-large size-large wp-image-544\" alt=\"\" srcset=\"https:\/\/ybux.eu\/wp-content\/uploads\/2024\/10\/ivf-90-mm-dish-petri-kabi-02-600x401-1.jpg 600w, https:\/\/ybux.eu\/wp-content\/uploads\/2024\/10\/ivf-90-mm-dish-petri-kabi-02-600x401-1-300x201.jpg 300w, https:\/\/ybux.eu\/wp-content\/uploads\/2024\/10\/ivf-90-mm-dish-petri-kabi-02-600x401-1-150x100.jpg 150w\" sizes=\"(max-width: 600px) 100vw, 600px\" \/>\t\t\t\t\t\t\t\t\t\t\t\t\t\t\t<\/div>\n\t\t\t\t<\/div>\n\t\t\t\t<div class=\"elementor-element elementor-element-820dc5e elementor-widget elementor-widget-image\" data-id=\"820dc5e\" data-element_type=\"widget\" data-widget_type=\"image.default\">\n\t\t\t\t<div class=\"elementor-widget-container\">\n\t\t\t\t\t\t\t\t\t\t\t\t\t\t\t<img loading=\"lazy\" decoding=\"async\" width=\"690\" height=\"461\" src=\"https:\/\/ybux.eu\/wp-content\/uploads\/2024\/10\/embriyo-tup-5-ml-1024x684.jpg\" class=\"attachment-large size-large wp-image-543\" alt=\"\" srcset=\"https:\/\/ybux.eu\/wp-content\/uploads\/2024\/10\/embriyo-tup-5-ml-1024x684.jpg 1024w, https:\/\/ybux.eu\/wp-content\/uploads\/2024\/10\/embriyo-tup-5-ml-300x200.jpg 300w, https:\/\/ybux.eu\/wp-content\/uploads\/2024\/10\/embriyo-tup-5-ml-768x513.jpg 768w, https:\/\/ybux.eu\/wp-content\/uploads\/2024\/10\/embriyo-tup-5-ml-1536x1025.jpg 1536w, https:\/\/ybux.eu\/wp-content\/uploads\/2024\/10\/embriyo-tup-5-ml-2048x1367.jpg 2048w, https:\/\/ybux.eu\/wp-content\/uploads\/2024\/10\/embriyo-tup-5-ml-150x100.jpg 150w\" sizes=\"(max-width: 690px) 100vw, 690px\" \/>\t\t\t\t\t\t\t\t\t\t\t\t\t\t\t<\/div>\n\t\t\t\t<\/div>\n\t\t\t\t<div class=\"elementor-element elementor-element-3488658 elementor-widget elementor-widget-image\" data-id=\"3488658\" data-element_type=\"widget\" data-widget_type=\"image.default\">\n\t\t\t\t<div class=\"elementor-widget-container\">\n\t\t\t\t\t\t\t\t\t\t\t\t\t\t\t<img loading=\"lazy\" decoding=\"async\" width=\"690\" height=\"461\" src=\"https:\/\/ybux.eu\/wp-content\/uploads\/2024\/10\/embriyo-tup-14-ml-1024x684.jpg\" class=\"attachment-large size-large wp-image-542\" alt=\"\" srcset=\"https:\/\/ybux.eu\/wp-content\/uploads\/2024\/10\/embriyo-tup-14-ml-1024x684.jpg 1024w, https:\/\/ybux.eu\/wp-content\/uploads\/2024\/10\/embriyo-tup-14-ml-300x200.jpg 300w, https:\/\/ybux.eu\/wp-content\/uploads\/2024\/10\/embriyo-tup-14-ml-768x513.jpg 768w, https:\/\/ybux.eu\/wp-content\/uploads\/2024\/10\/embriyo-tup-14-ml-1536x1025.jpg 1536w, https:\/\/ybux.eu\/wp-content\/uploads\/2024\/10\/embriyo-tup-14-ml-2048x1367.jpg 2048w, https:\/\/ybux.eu\/wp-content\/uploads\/2024\/10\/embriyo-tup-14-ml-150x100.jpg 150w\" sizes=\"(max-width: 690px) 100vw, 690px\" \/>\t\t\t\t\t\t\t\t\t\t\t\t\t\t\t<\/div>\n\t\t\t\t<\/div>\n\t\t\t\t<\/div>\n\t\t<div class=\"elementor-element elementor-element-5bd5924 e-con-full e-flex e-con e-child\" data-id=\"5bd5924\" data-element_type=\"container\">\n\t\t<div class=\"elementor-element elementor-element-7392a97 e-con-full e-flex e-con e-child\" data-id=\"7392a97\" data-element_type=\"container\">\n\t\t\t\t<div class=\"elementor-element elementor-element-0004b33 elementor-widget elementor-widget-heading\" data-id=\"0004b33\" data-element_type=\"widget\" data-widget_type=\"heading.default\">\n\t\t\t\t<div class=\"elementor-widget-container\">\n\t\t\t\t\t<h3 class=\"elementor-heading-title elementor-size-default\">Nab\u00eddka<\/h3>\t\t\t\t<\/div>\n\t\t\t\t<\/div>\n\t\t\t\t<div class=\"elementor-element elementor-element-c971803 elementor-widget elementor-widget-text-editor\" data-id=\"c971803\" data-element_type=\"widget\" data-widget_type=\"text-editor.default\">\n\t\t\t\t<div class=\"elementor-widget-container\">\n\t\t\t\t\t\t\t\t\t<ul><li>4 Well Dish<\/li><li>Center Well Dish<\/li><li>ICSI Dish<\/li><li>14ml zkumavka<\/li><li>5ml zkumavka<\/li><\/ul>\t\t\t\t\t\t\t\t<\/div>\n\t\t\t\t<\/div>\n\t\t\t\t<\/div>\n\t\t\t\t<\/div>\n\t\t\t\t\t<\/div>\n\t\t\t\t<\/div>\n\t\t\t\t<\/div>\n\t\t","protected":false},"excerpt":{"rendered":"<p>Mark\u00e9ta Slivov\u00e1 +420 737 897 808 slivova@ybux.eu Diana Novotn\u00e1 +420 605 498 554 novotna@ybux.eu TechBruein Jako v\u00fdhradn\u00ed distributor zaji\u0161\u0165ujeme\u00a0kompletn\u00ed \u0159adu certifikovan\u00e9ho laboratorn\u00edho plastu pro pr\u00e1ci v\u00a0embryologick\u00e9 laborato\u0159i od\u00a0spole\u010dnosti TechBruein. Parametry Vysok\u00e1 pevnost, odolnost a nerozbitnost Zaru\u010den\u00e1 vysok\u00e1 pr\u016fhlednost a kvalita Speci\u00e1ln\u00ed konstrukce v\u00ed\u010dka zvy\u0161uje \u00fa\u010dinnost t\u00edm, \u017ee zaji\u0161\u0165uje omezen\u00e9 proud\u011bn\u00ed&#8230;<\/p>\n<p> <a class=\"continue-reading-link\" href=\"http:\/\/ybux.eu\/?page_id=536\"><span>V\u00edce zde -&gt;<\/span><i class=\"crycon-right-dir\"><\/i><\/a> <\/p>\n","protected":false},"author":2,"featured_media":0,"parent":0,"menu_order":0,"comment_status":"closed","ping_status":"closed","template":"","meta":{"footnotes":""},"class_list":["post-536","page","type-page","status-publish","hentry"],"_links":{"self":[{"href":"http:\/\/ybux.eu\/index.php?rest_route=\/wp\/v2\/pages\/536","targetHints":{"allow":["GET"]}}],"collection":[{"href":"http:\/\/ybux.eu\/index.php?rest_route=\/wp\/v2\/pages"}],"about":[{"href":"http:\/\/ybux.eu\/index.php?rest_route=\/wp\/v2\/types\/page"}],"author":[{"embeddable":true,"href":"http:\/\/ybux.eu\/index.php?rest_route=\/wp\/v2\/users\/2"}],"replies":[{"embeddable":true,"href":"http:\/\/ybux.eu\/index.php?rest_route=%2Fwp%2Fv2%2Fcomments&post=536"}],"version-history":[{"count":11,"href":"http:\/\/ybux.eu\/index.php?rest_route=\/wp\/v2\/pages\/536\/revisions"}],"predecessor-version":[{"id":840,"href":"http:\/\/ybux.eu\/index.php?rest_route=\/wp\/v2\/pages\/536\/revisions\/840"}],"wp:attachment":[{"href":"http:\/\/ybux.eu\/index.php?rest_route=%2Fwp%2Fv2%2Fmedia&parent=536"}],"curies":[{"name":"wp","href":"https:\/\/api.w.org\/{rel}","templated":true}]}}